
0
What is the remainder when 1231536 is divided by 252?
12
What is the remainder when 3106942 is divided by 550?
542
What is the remainder when 1824812 is divided by 608247?
71
Calculate the remainder when 11021396 is divided by 1466.
8
Calculate the remainder when 1698507 is divided by 51469.
30
What is the remainder when 3488506 is divided by 303?
67
Calculate the remainder when 2833276 is divided by 493.
5
What is the remainder when 21562995 is divided by 3340?
3295
Calculate the remainder when 18441399 is divided by 184.
183
What is the remainder when 16433237 is divided by 618?
617
Calculate the remainder when 2245822 is divided by 21.
19
Calculate the remainder when 1005593 is divided by 90.
23
What is the remainder when 15073 is divided by 1883?
9
What is the remainder when 120160164 is divided by 1143?
3
What is the remainder when 12555735 is divided by 330414?
3
Calculate the remainder when 1370145 is divided by 39081.
2310
Calculate the remainder when 1853757 is divided by 926609.
539
Calculate the remainder when 1118199 is divided by 139764.
87
What is the remainder when 86112 is divided by 3790?
2732
Calculate the remainder when 12961815 is divided by 102061.
68
Calculate the remainder when 14979 is divided by 696.
363
What is the remainder when 17750 is divided by 17587?
163
What is the remainder when 303804 is divided by 1482?
1476
Calculate the remainder when 4300891 is divided by 407.
122
What is the remainder when 34992377 is divided by 6998475?
2
What is the remainder when 546173 is divided by 225?
98
Calculate the remainder when 114363 is divided by 706.
697
Calculate the remainder when 346503 is divided by 28148.
8727
What is the remainder when 24114134 is divided by 211?
210
What is the remainder when 23370 is divided by 3286?
368
Calculate the remainder when 1600858 is divided by 5132.
4806
What is the remainder when 6211066 is divided by 38578?
8
What is the remainder when 223413 is divided by 1026?
771
What is the remainder when 15622 is divided by 7810?
2
What is the remainder when 1867883 is divided by 2232?
1931
Calculate the remainder when 192335 is divided by 510.
65
Calculate the remainder when 46621580 is divided by 48.
44
What is the remainder when 1425480 is divided by 1425220?
260
What is the remainder when 392407 is divided by 38?
19
What is the remainder when 4795997 is divided by 951?
104
What is the remainder when 106684 is divided by 8879?
136
What is the remainder when 134088756 is divided by 26817749?
11
What is the remainder when 1060524 is divided by 265121?
40
Calculate the remainder when 3269012 is divided by 1089652.
56
What is the remainder when 68076740 is divided by 926?
924
What is the remainder when 10330117 is divided by 630?
7
What is the remainder when 256646 is divided by 614?
608
What is the remainder when 63214 is divided by 28306?
6602
Calculate the remainder when 135293 is divided by 22537.
71
Calculate the remainder when 9446218 is divided by 765.
763
What is the remainder when 23553 is divided by 417?
201
What is the remainder when 9823638 is divided by 458?
454
What is the remainder when 1194299538 is divided by 14?
12
Calculate the remainder when 2481914 is divided by 1792.
1786
What is the remainder when 8757763 is divided by 1574?
27
What is the remainder when 2499473 is divided by 498?
11
What is the remainder when 18488833 is divided by 2821?
2820
What is the remainder when 221063 is divided by 1073?
25
Calculate the remainder when 130093943 is divided by 331.
20
Calculate the remainder when 818116 is divided by 24747.
1465
What is the remainder when 214308 is divided by 3154?
2990
What is the remainder when 203230299 is divided by 10?
9
What is the remainder when 86649 is divided by 20933?
2917
What is the remainder when 541495 is divided by 134964?
1639
Calculate the remainder when 18507635 is divided by 72.
35
Calculate the remainder when 15489868 is divided by 6.
4
What is the remainder when 183828 is divided by 3130?
2288
Calculate the remainder when 3388765 is divided by 89176.
77
What is the remainder when 2356414 is divided by 1451?
1441
What is the remainder when 83191039 is divided by 37?
17
What is the remainder when 3285650 is divided by 6532?
54
What is the remainder when 487499 is divided by 758?
105
Calculate the remainder when 421754 is divided by 70241.
308
What is the remainder when 37172 is divided by 7408?
132
Calculate the remainder when 247116046 is divided by 29.
28
Calculate the remainder when 17977474 is divided by 25.
24
Calculate the remainder when 36138698 is divided by 100.
98
Calculate the remainder when 221905 is divided by 87.
55
Calculate the remainder when 385533047 is divided by 24.
23
Calculate the remainder when 474966 is divided by 474388.
578
What is the remainder when 57012 is divided by 5673?
282
What is the remainder when 8735301 is divided by 2366?
29
Calculate the remainder when 4817807 is divided by 769.
22
What is the remainder when 105515413 is divided by 15?
13
What is the remainder when 2836942 is divided by 567385?
17
What is the remainder when 1831301 is divided by 200?
101
Calculate the remainder when 2399750 is divided by 9.
8
Calculate the remainder when 210024 is divided by 4459.
451
What is the remainder when 19832322 is divided by 421964?
14
Calculate the remainder when 8066 is divided by 5375.
2691
Calculate the remainder when 5261737 is divided by 475.
162
What is the remainder when 3060617 is divided by 25087?
3
Calculate the remainder when 404402 is divided by 958.
126
Calculate the remainder when 49650 is divided by 2543.
1333
Calculate the remainder when 321784 is divided by 131.
48
Calculate the remainder when 48404359 is divided by 896377.
1
What is the remainder when 1688256 is divided by 549?
81
What is the remainder when 21540 is divided by 1590?
870
What is the remainder when 1684862 is divided by 4517?
21
Calculate the remainder when 11142 is divided by 1024.
902
Calculate the remainder when 1358894 is divided by 719.
703
Calculate the remainder when 19859086 is divided by 730.
166
What is the remainder when 14035 is divided by 3296?
851
Calculate the remainder when 23100 is divided by 9764.
3572
What is the remainder when 52814 is divided by 4987?
2944
Calculate the remainder when 717871 is divided by 515.
476
Calculate the remainder when 33739 is divided by 32748.
991
What is the remainder when 1294803 is divided by 6674?
47
Calculate the remainder when 11555754 is divided by 7986.
12
What is the remainder when 156535 is divided by 2295?
475
What is the remainder when 1632297 is divided by 272047?
15
Calculate the remainder when 3217171 is divided by 2441.
2374
Calculate the remainder when 8233353 is divided by 1158.
1131
Calculate the remainder when 8031491 is divided by 25.
16
What is the remainder when 16760272 is divided by 186?
184
Calculate the remainder when 19658492 is divided by 4296.
4292
Calculate the remainder when 1406350 is divided by 7212.
10
Calculate the remainder when 106081 is divided by 568.
433
What is the remainder when 145829 is divided by 24295?
59
What is the remainder when 159579264 is divided by 1551?
1527
What is the remainder when 474530 is divided by 8325?
5
Calculate the remainder when 3483984 is divided by 11.
9
Calculate the remainder when 58406852 is divided by 47.
46
Calculate the remainder when 32476 is divided by 4565.
521
Calculate the remainder when 926350 is divided by 76.
62
What is the remainder when 537546 is divided by 31619?
23
What is the remainder when 1563844 is divided by 937?
928
What is the remainder when 164816686 is divided by 13?
8
Calculate the remainder when 9956811 is divided by 6.
3
Calculate the remainder when 2035000 is divided by 1017493.
14
What is the remainder when 4014263 is divided by 195?
188
What is the remainder when 580553 is divided by 193503?
44
What is the remainder when 246214 is divided by 1030?
44
What is the remainder when 20472555 is divided by 6?
3
What is the remainder when 34808353 is divided by 2127?
2125
Calculate the remainder when 363079 is divided by 120760.
799
Calculate the remainder when 496092261 is divided by 6404.
6401
Calculate the remainder when 89145 is divided by 17811.
90
Calculate the remainder when 89463